(-2) is divided by (-1 + 6)*46/u.
22
Let b(s) = -s**2 + 5*s. Let g be b(3). Calculate the remainder when (-299)/39*(-11 + (2 - g)) is divided by 25.
15
Let u = -23453 + 23462. What is the remainder when 456 is divided by u?
6
Suppose 287 + 568 = 57*h. Calculate the remainder when 221 is divided by h.
11
Suppose 23*u = 27*u + f - 427, 5*u - 5*f - 540 = 0. Let t = u + -76. Calculate the remainder when 43 is divided by t.
12
Let a(y) = -2*y + 12. Let n be a(4). Suppose -2215 = -5*w + 5*r, 0*r - n*r - 896 = -2*w. What is the remainder when (w/(-8))/(21/(-28)) is divided by 15?
13
Let q = -3499 + 3517. What is the remainder when 782 is divided by q?
8
Let w(m) = -165*m - 239. Calculate the remainder when w(-3) is divided by 6.
4
Let m(j) = 4*j**2 - 3*j**2 + 29*j - j + 12*j - 2*j**2 - 160. Calculate the remainder when m(32) is divided by 4.
0
Calculate the remainder when (-2)/2*(-11 - 676) is divided by 29.
20
What is the remainder when (1 + 2 + -4)*(-105 - -17) is divided by 56?
32
Let x be 11 + (2/6)/(4/(-12)). Let r(w) = -2*w + 34. What is the remainder when 0 - (-105)/4 - 15/(-20) is divided by r(x)?
13
Suppose -d + 100*s + 83 = 104*s, -5*d + 3*s = -323. Calculate the remainder when 142 is divided by d.
8
Suppose g = 2*d + 10, -41 = 2*g - d - 61. Let n be (12/15)/(1/(-50)). Calculate the remainder when 15*n/(-6) - 1 is divided by g.
9
Let j be (3 + 54/(-15))/(15/(-11025)). Suppose 8*a = -a + j. Let v(d) = 2*d**3 + 3*d**2 - 7*d + 1. Calculate the remainder when v(5) is divided by a.
46
Suppose -4*x + x + 15 = 0, 4*f + x = 5. Suppose 0 = -f*q - 12*q + 372. Calculate the remainder when q is divided by ((-12)/10)/(12/(-40)).
3
Suppose 0 = 2*x - 5*a + 1946, -4*x - 3892 = -5*a - 0*a. Let s = x + 2028. Calculate the remainder when s is divided by 66.
65
Suppose 3*f = 3*n + 9, 2*n + n = -4*f - 30. Let x be (-2)/n*2*18. Suppose -187 = -x*b + b. Calculate the remainder when 65 is divided by b.
14
Let x = 6940 + -6110. What is the remainder when 1665 is divided by x?
5
Suppose -3*g = -6*g + 21. Let l(w) = -13 - w - 5*w**3 - 56*w**2 + 3*w**3 + 3 + 30*w**2. Calculate the remainder when g is divided by l(-13).
1
Suppose 0 = 26*y - 202 - 6. Let v(z) = 14*z**3 - 2*z**2 + 4*z - 3. Let x be v(2). Suppose 51 + x = y*m. Calculate the remainder when 67 is divided by m.
7
Let p = 39 - 61. Let v = -27 - p. Calculate the remainder when 45 is divided by v*3/(60/(-32)).
5
Let a be (2 - -1*48) + -4. Suppose 50*u - a*u - 60 = 0. Calculate the remainder when 179 is divided by u.
14
Let f = -15528 - -15795. Calculate the remainder when f is divided by 134.
133
Let y = -1713 - -1889. Calculate the remainder when 183 is divided by y.
7
Let l(t) = -t**3 - 3*t**2 + t - 8. Let h be l(-4). What is the remainder when 53 is divided by 5*(7 - h) - -1*4?
15
Let g(q) = 6*q**2 + 23*q - 7. Let j be g(7). Suppose 131*m + j = 145*m. What is the remainder when 607 is divided by m?
31
What is the remainder when 398 is divided by 8635/77 + (-9)/(-4 + 67)?
62
Suppose h + 146 = 2*t, 66 = t + h - 1. What is the remainder when 491 is divided by t?
65
What is the remainder when 11470 is divided by (-12)/(7/4 - 45/18)?
14
Suppose 27 = 5*b - 3*p - 7, -4*p = 2*b + 2. Suppose 38 = b*w - 47. What is the remainder when w is divided by 3*9/15*(-20)/(-6)?
5
Let o(j) = 4*j - 10. What is the remainder when (-16 + (-81)/(-45))/(((-2)/5)/2) is divided by o(10)?
11
Let p(a) = 99*a - 5237. Calculate the remainder when 2965 is divided by p(53).
5
Suppose -5*m + 93 = -47*a + 49*a, 0 = 5*a + 30. What is the remainder when 10728 is divided by m?
18
Let k(u) = -7*u**2 + 25*u + 105. Let g be k(-5). Calculate the remainder when 2*-1 - (g - 20/(-4)) is divided by 7.
6
Let a = 3407 - -6630. Calculate the remainder when a is divided by 27.
20
Let d(a) = a**3 + 8*a**2 + 6*a - 3. Let r be d(-7). Suppose 285 = 5*n + r*i, n + 285 = 6*n - 3*i. What is the remainder when 93 is divided by n?
36
What is the remainder when 5880/36*54/15 is divided by 576?
12
Let n(x) be the second derivative of -x**4/12 + 11*x**3/6 - 3*x**2 + x. What is the remainder when 144/4 - (4 + -5 + 7) is divided by n(10)?
2
Suppose -4*f = 1 - 9. Let l = 1 + -1. Calculate the remainder when l - (2 + (-3 - 2)) is divided by f.
1
Suppose -527 - 501 = -4*m. Let u = 300 - m. What is the remainder when u is divided by 29?
14
Let q be -30*((-10)/6)/5. Let u be ((-6)/q)/(6/(-30)). Suppose 5*k - 42 = 2*b, -1 = 4*b + u. What is the remainder when 22 is divided by k?
6
Let a be (21 - -7)*1/4. Suppose a*x + 167 = m + 9*x, x - 163 = -m. Calculate the remainder when m is divided by 9.
6
Let o = -86 - -96. Suppose 0 = 3*k + 336 - 528. What is the remainder when k is divided by o?
4
Suppose 9*f - 12*f = -2*y - 16, 2*f - 4 = -2*y. Suppose 230 = 2*a + 3*v, -5*a - 412 + 980 = f*v. What is the remainder when a is divided by 29?
25
Let u(q) = 28*q**2 - 5*q + 5. Suppose -12*f - 408 = -4*f. Let m = 52 + f. What is the remainder when 55 is divided by u(m)?
27
Let t = 5555 - 5396. Calculate the remainder when 781 is divided by t.
145
What is the remainder when 1*112 - 50/(-25) is divided by 56?
2
Suppose 44*f + 3*f - 18236 = 0. Suppose 388 = 3*o - 2*o - 2*y, -o = 5*y - f. What is the remainder when o is divided by 30?
28
Let q(d) = -d**3 + 29*d**2 - 86*d + 128. Calculate the remainder when q(23) is divided by 38.
32
Suppose -l + 37 = 2*v + 15, -5*l = -4*v + 58. Calculate the remainder when 522 is divided by v.
6
Let s(w) = -4*w + 66. Let j be ((-2)/(-18))/((-9)/(-27))*-15. What is the remainder when s(j) is divided by 15?
11
Let l(i) = 2813*i - 10907. Calculate the remainder when l(8) is divided by 58.
55
Let p be 84/30 + (-1)/(-5). Suppose 6*i - p*i = -3*x + 87, -5*x + 2*i + 124 = 0. Calculate the remainder when 67 is divided by x.
15
Let m(s) = 28*s - 65. Suppose -12 = -3*k - k. Suppose -3*l + k = -18. What is the remainder when m(3) is divided by l?
5
Suppose -8*b = -5*b - 207. Suppose -2*l = 4*n - 38, b - 22 = 3*l + n. Let y = l + 3. What is the remainder when 107 is divided by y?
17
Let a be (-2)/((-6)/47) + (-5)/(-15). Suppose 2*b + 8 + a = 0. Calculate the remainder when (-165)/(-7) - (0 - b/(-28)) is divided by 13.
11
Let j(u) = -17*u**2 - 95*u + 71. Let o(h) = -9*h**2 - 47*h + 36. Let b(c) = -4*j(c) + 7*o(c). What is the remainder when 27 is divided by b(-11)?
3
Suppose 0 = -3*b - 6 - 9, -u - 3*b = 4. Calculate the remainder when -51*(4 + (-13)/3) is divided by u.
6
Let w = 3527 + -3486. Calculate the remainder when 277 is divided by w.
31
Let c = 6860 - 6841. Calculate the remainder when 337 is divided by c.
14
Suppose -n - 3*h + 84 = 0, -2*n + 72 + 94 = 4*h. Let x = -53 + n. Calculate the remainder when 79 is divided by x.
23
Let p(r) = 50*r - 40. Let g be p(4). Suppose 0 = -33*w + 28*w + g. What is the remainder when w is divided by 9?
5
Suppose -206*m = -2356 - 2588. What is the remainder when 276 is divided by m?
12
Suppose 0 = -10*w - 0*w + 360. Let d = 304 - 285. Calculate the remainder when w is divided by d.
17
Suppose 6*b - 14 - 10 = 0. Suppose b*t + t = 100. Suppose 0 = -7*s + t + 29. What is the remainder when 8 is divided by s?
1
Let q(d) = -d**2 + 20*d - 6. Let g be (2 - -12) + 1 + 2. Let u be q(g). Let b = u - -24. Calculate the remainder when b is divided by 18.
15
Let r(t) = 3*t + 9 + 4*t - 4 - 3*t. Suppose -5*n + 7*n = -2*v + 162, -2*n = -2*v + 154. What is the remainder when v is divided by r(4)?
16
Let r(d) = 22*d + 120. Let b be r(12). Suppose 43*m + b = 49*m. What is the remainder when 319 is divided by m?
63
Suppose -40979 + 13238 = -32*z + 26819. What is the remainder when z is divided by 45?
40
Let j = 2506 - 2376. Suppose -33 = a - 2*a. Suppose 0*o + a = o. What is the remainder when j is divided by o?
31
Suppose -171*o = -178*o + 35. Suppose 0 = -5*c - 2*m + 6*m + 1177, 2*c - 484 = -o*m. Calculate the remainder when c is divided by 40.
37
Suppose 4*b - 26 - 14 = 0. Suppose 7*n - b*n + 30 = 0. What is the remainder when 98 is divided by n?
8
Suppose -d + 2651 = 5*m, 11*d = -4*m + 13*d + 2118. What is the remainder when m is divided by 59?
58
Suppose d - 15628 + 1329 = 0. Calculate the remainder when d is divided by 227.
225
What is the remainder when 276 is divided by (-315)/840 - (-571)/8?
63
Suppose -2*y + x + x + 130 = 0, -75 = -y - 4*x.